te the remainder when 198930397 is divided by 53.
38
Calculate the remainder when 1732672 is divided by 822.
718
Calculate the remainder when 291099 is divided by 41573.
88
What is the remainder when 13583 is divided by 3188?
831
What is the remainder when 8493 is divided by 2728?
309
What is the remainder when 41257 is divided by 4058?
677
What is the remainder when 5268 is divided by 939?
573
Calculate the remainder when 1369804 is divided by 57075.
4
Calculate the remainder when 5215280 is divided by 155.
150
Calculate the remainder when 869602 is divided by 1561.
125
What is the remainder when 1570219 is divided by 34?
31
Calculate the remainder when 595949 is divided by 571.
396
What is the remainder when 8528802 is divided by 312?
282
Calculate the remainder when 11135026 is divided by 92025.
1
Calculate the remainder when 526015 is divided by 9211.
988
What is the remainder when 53390376 is divided by 138317?
14
What is the remainder when 20428 is divided by 2029?
138
What is the remainder when 1961589 is divided by 222?
219
What is the remainder when 119221 is divided by 1463?
718
What is the remainder when 122043 is divided by 2542?
27
What is the remainder when 41934 is divided by 976?
942
Calculate the remainder when 8616 is divided by 8536.
80
Calculate the remainder when 16162565 is divided by 140.
125
What is the remainder when 379369 is divided by 189660?
49
What is the remainder when 562815608 is divided by 577?
576
Calculate the remainder when 121074 is divided by 1591.
158
What is the remainder when 426196 is divided by 240?
196
Calculate the remainder when 679039 is divided by 397.
169
What is the remainder when 84284111 is divided by 66?
65
Calculate the remainder when 124326396 is divided by 39759.
3
What is the remainder when 6762049 is divided by 193198?
119
Calculate the remainder when 3813892 is divided by 2437.
2424
What is the remainder when 647997 is divided by 500?
497
What is the remainder when 3834809 is divided by 1747?
144
What is the remainder when 44541 is divided by 8857?
256
Calculate the remainder when 37424 is divided by 2672.
16
What is the remainder when 576920 is divided by 480?
440
What is the remainder when 36100 is divided by 8788?
948
Calculate the remainder when 79206586 is divided by 618.
616
What is the remainder when 239480249 is divided by 79826749?
2
What is the remainder when 799362 is divided by 16474?
8610
What is the remainder when 159017090 is divided by 53005693?
11
What is the remainder when 2132763 is divided by 355?
278
Calculate the remainder when 2826095 is divided by 42.
41
What is the remainder when 3107685 is divided by 38846?
5
What is the remainder when 25407338 is divided by 237?
227
What is the remainder when 285178 is divided by 935?
3
Calculate the remainder when 1176890 is divided by 15.
5
What is the remainder when 3525902 is divided by 1535?
7
Calculate the remainder when 197521 is divided by 7536.
1585
What is the remainder when 32137556 is divided by 1082?
1074
What is the remainder when 1166845 is divided by 1456?
589
What is the remainder when 4070917 is divided by 62629?
32
Calculate the remainder when 529596 is divided by 176325.
621
What is the remainder when 287976 is divided by 1552?
856
Calculate the remainder when 8553488 is divided by 2.
0
What is the remainder when 46432848 is divided by 5216?
16
Calculate the remainder when 343117014 is divided by 901.
897
Calculate the remainder when 30433759 is divided by 937.
936
What is the remainder when 8859087 is divided by 3181?
2
What is the remainder when 96522954 is divided by 618?
6
What is the remainder when 104572292 is divided by 26?
6
Calculate the remainder when 831191 is divided by 831189.
2
Calculate the remainder when 549277 is divided by 549268.
9
Calculate the remainder when 35281797 is divided by 50.
47
What is the remainder when 19585556 is divided by 624?
68
Calculate the remainder when 67879 is divided by 459.
406
What is the remainder when 200784 is divided by 200773?
11
What is the remainder when 16068 is divided by 561?
360
What is the remainder when 2337899 is divided by 2337894?
5
What is the remainder when 395488 is divided by 226?
214
Calculate the remainder when 35460635 is divided by 79.
63
Calculate the remainder when 49667655 is divided by 8668.
15
Calculate the remainder when 10053768 is divided by 637.
634
What is the remainder when 2719935 is divided by 339987?
39
Calculate the remainder when 206066 is divided by 203564.
2502
What is the remainder when 2062455 is divided by 1307?
9
What is the remainder when 12219464 is divided by 1387?
1381
What is the remainder when 354578858 is divided by 1580?
1578
What is the remainder when 6793181 is divided by 4?
1
What is the remainder when 1777120 is divided by 118462?
190
Calculate the remainder when 2426769 is divided by 443.
15
Calculate the remainder when 9345104 is divided by 341.
340
Calculate the remainder when 109387 is divided by 14648.
6851
Calculate the remainder when 43379 is divided by 1675.
1504
What is the remainder when 500952 is divided by 10566?
4350
What is the remainder when 39917340 is divided by 17?
14
Calculate the remainder when 5904194 is divided by 78.
62
Calculate the remainder when 2615929 is divided by 100.
29
Calculate the remainder when 2598745 is divided by 3235.
1040
What is the remainder when 140165755 is divided by 58?
55
Calculate the remainder when 294458 is divided by 2394.
2390
What is the remainder when 1899622 is divided by 474759?
586
What is the remainder when 69062 is divided by 325?
162
What is the remainder when 3118690 is divided by 3548?
3546
Calculate the remainder when 527994 is divided by 52799.
4
What is the remainder when 309609 is divided by 309609?
0
What is the remainder when 118388 is divided by 6454?
2216
What is the remainder when 3366564 is divided by 5285?
19
What is the remainder when 153175 is divided by 49477?
4744
What is the remainder when 1618480 is divided by 1466?
16
Calculate the remainder when 7294544 is divided by 2145.
1544
What is the remainder when 276457642 is divided by 5139?
5137
What is the remainder when 4747102 is divided by 55?
52
Calculate the remainder when 25853147 is divided by 3073.
3071
Calculate the remainder when 6042145 is divided by 103.
62
What is the remainder when 2180061 is divided by 35?
16
What is the remainder when 244260 is divided by 244165?
95
Calculate the remainder when 13363627 is divided by 100478.
53
What is the remainder when 41450 is divided by 40799?
651
Calculate the remainder when 135476 is divided by 386.
376
What is the remainder when 25766 is divided by 23483?
2283
Calculate the remainder when 2639964 is divided by 370.
14
What is the remainder when 4257321 is divided by 4257258?
63
What is the remainder when 552200 is divided by 3367?
12
What is the remainder when 46462273 is divided by 675?
673
What is the remainder when 1565279 is divided by 2025?
1979
Calculate the remainder when 431786 is divided by 824.
10
What is the remainder when 25880750 is divided by 39?
38
What is the remainder when 9577 is divided by 9513?
64
Calculate the remainder when 3039461 is divided by 4175.
61
What is the remainder when 1578305 is divided by 19?
13
Calculate the remainder when 513132 is divided by 97.
2
Calculate the remainder when 23654 is divided by 959.
638
What is the remainder when 2887728 is divided by 50638?
1362
What is the remainder when 2216866 is divided by 2336?
2
What is the remainder when 69245 is divided by 1437?
269
Calculate the remainder when 268353950 is divided by 38336278.
4
What is the remainder when 1123537 is divided by 294?
163
Calculate the remainder when 2492119 is divided by 8.
7
Calculate the remainder when 592231 is divided by 2501.
1995
Calculate the remainder when 930126 is divided by 7.
1
Calculate the remainder when 1783102 is divided by 162.
130
Calculate the remainder when 139452 is divided by 8714.
28
Calculate the remainder when 48142412 is divided by 1258.
10
What is the remainder when 4898623 is divided by 699802?
9
What is the remainder when 63503 is divided by 31472?
559
What is the remainder when 129821 is divided by 12972?
101
Calculate the remainder when 4412663 is divided by 54.
53
Calculate